5*y + 843 = 0. List the prime factors of d.
2, 7, 31
Suppose 14*q = 18*q - 4*u - 26304, -4*q - 4*u + 26264 = 0. List the prime factors of q.
6571
Suppose -3*u + 5548 = -2*k - 5193, -5*k = -2*u + 7157. List the prime factors of u.
3581
Suppose 5*l - 26*n + 22*n - 68602 = 0, -4*l = n - 54869. List the prime factors of l.
2, 19
Let k(m) = 868*m - 1921. List the prime factors of k(6).
19, 173
Let j(m) be the third derivative of -15*m**4/8 + 8*m**3/3 - 16*m**2. Let i be j(-4). List the prime factors of 11/((-77)/i)*3/(-4).
3, 7
Let o = -588 + 953. Let g = 756 - o. What are the prime factors of g?
17, 23
What are the prime factors of -78 + 96 - (-3 + -5973)?
2, 3, 37
Let y = 1962 + -1389. Suppose 0 = -q + k + 42 + 149, 3*q + 5*k - y = 0. List the prime factors of q.
191
Let q(d) = -501*d - 740. What are the prime factors of q(-14)?
2, 3137
Let l(y) = 202*y + 17. Let c = 310 - 306. List the prime factors of l(c).
3, 5, 11
Let p be 0 - (-5 + 3)*(-9)/(-2). Suppose -9*g + 5940 = p*g. What are the prime factors of g?
2, 3, 5, 11
Suppose 3*g - 55 = 2. Let p = -925 + 1126. Let b = p - g. What are the prime factors of b?
2, 7, 13
Let q(n) = -16*n**3 + 2*n**2 + 2*n - 1. Let i be q(-2). Let b(y) = -125 - 11*y + i + 44*y. What are the prime factors of b(6)?
2, 3, 17
Suppose -4*d + d - 138 = 2*s, -4*s - 92 = 2*d. Let b = -31 - d. Suppose -v - b + 22 = 0. What are the prime factors of v?
7
Let d = 15968 + -1422. What are the prime factors of d?
2, 7, 1039
Suppose 2*f + 9 = 11, 0 = -5*r + 2*f + 1018. Suppose -216 = -2*j - k, -2*j = -9*k + 4*k - r. What are the prime factors of j?
107
Let y be (82/8)/(3/60). Let i = 5437 + -5394. Let o = y - i. What are the prime factors of o?
2, 3
Suppose 2*o - o = 0. Let c(f) = 2*f**2 + 5*f - 160. Let m be c(8). Suppose o = 4*b - m, -2*p + 137 = 3*b - 41. List the prime factors of p.
2, 43
Suppose 0 = -13*v - 18*v + 97526. List the prime factors of v.
2, 11, 13
Suppose -3*a = 2*q - 17, 0 = -5*q - 5*a + 3*a + 26. Let y = 425 - q. Suppose 5*k = n + y, -n + 259 = -2*k + 5*k. List the prime factors of k.
5, 17
Let j be 2/(-12) - 104/(-48). Suppose 6 = j*a, -4*a - 119 = 5*u - 421. Let o = u + -41. What are the prime factors of o?
17
Suppose 52*v = -218*v + 3496770. List the prime factors of v.
3, 1439
Let m = -14 + 15. Let d be (-74 + 2 - 1) + m. What are the prime factors of (d - 6)*2/(-2)?
2, 3, 13
Let d be 2 + -2 + -5 + (-5 - -6). Let k(t) = t**3 + 6*t**2 + 4*t + 2. Let q be k(d). Suppose 23*h = q*h + 680. List the prime factors of h.
2, 17
Let j = -35897 + 52339. What are the prime factors of j?
2, 8221
Suppose 5*z = 4*j + 26, 2 = z - 3*j - j. Suppose z*i = 5*i - 163. Let v = -31 - i. What are the prime factors of v?
2, 3, 11
Let r(z) be the third derivative of -3 + 7/24*z**4 - 5/3*z**3 + 1/30*z**6 - 1/60*z**5 + 0*z - 4*z**2. List the prime factors of r(3).
2, 5, 11
Let d be 130/8 + ((-3)/1)/12. Let t(o) = 3*o**2 - 48*o + d*o + 22*o + 10. What are the prime factors of t(-5)?
3, 5
Let p be (-5 - 3) + 24/6. Let c be (-247)/(4 + 18/p). Suppose -6*o = -c - 280. List the prime factors of o.
3, 43
Let k(p) = 117*p**2 - 4*p - 4. Let u = 93 + -95. What are the prime factors of k(u)?
2, 59
Suppose -2*z + 7*z = 15, -z = -p - 3. Suppose p = i + 3*d + 306, d + 1544 = -4*i - i. Let m = 469 + i. List the prime factors of m.
2, 5
Let a = 69225 + -48269. List the prime factors of a.
2, 13, 31
Let g be 5/(75/(-10)) - 1544/(-3). Suppose -g + 144 = -10*q. List the prime factors of q.
37
Let o = -33 + 38. Suppose -24*z + 22*z = -12. Suppose 0 = o*r - 3*p - 131 - z, -5*p = -2*r + 70. List the prime factors of r.
5
Let l(k) = -16*k - 68. Let i be l(-4). Let f(c) = -168*c - 37. What are the prime factors of f(i)?
5, 127
Let s be 27530/45 - (0 - (-6)/(-27)). Suppose -5*i - 259 = -4*d + 505, -s = 4*i - 4*d. Let t = i - -321. List the prime factors of t.
13
Suppose -130*j + 325634 = -91146. List the prime factors of j.
2, 7, 229
Let o(c) = -6*c - 44. Let x be -17 + 22 - 13/1. Let u be o(x). Suppose 0*g = -2*a + 4*g + 294, -u*a + 5*g = -591. List the prime factors of a.
149
Let h(m) = -m**3 - 7*m**2 + 28*m + 24. Let r = -220 + 208. What are the prime factors of h(r)?
2, 3, 17
List the prime factors of (-29)/((-290)/40) - -23938.
2, 11971
Suppose 0 = -3*k + a + 14, 5*k - 3*a + 4*a - 34 = 0. Suppose -100 = -k*d + 4*d + 4*p, -2*d + 136 = 5*p. What are the prime factors of d?
2, 29
Suppose -984 = 5*m - 334. Let g = m + -47. Let n = -101 - g. List the prime factors of n.
2, 19
Let o(d) = -3*d**3 + 3*d**2 - 2. Let f be o(-2). Let i(k) = -k**3 + 10*k**2 - 16*k - 4. Let p be i(8). Let j = f - p. What are the prime factors of j?
2, 19
Let j be -5 - (1/((-3)/72) - -5). Suppose j*h = 20*h - 768. What are the prime factors of h?
2
Let h be (1 + -8)*(-2)/(8/4). Let v(g) = g - 3. Let j be v(h). Suppose -2*i + 5*i - 9 = 0, j*f - 5*i - 233 = 0. List the prime factors of f.
2, 31
Suppose 130*c + 4*l = 127*c + 100607, 100572 = 3*c - 3*l. What are the prime factors of c?
33529
Let x = 48485 - 29560. What are the prime factors of x?
5, 757
Let l be 6 + 33*(25 + -6). Let i = l + -515. What are the prime factors of i?
2, 59
Let n = -142 - -878. Suppose 2*w = -2*w + n. Let g = w + -129. List the prime factors of g.
5, 11
Suppose -1793*t + 1791*t + 1998 = 0. What are the prime factors of t?
3, 37
Suppose 4*x - 40722 = -2*d, -24913 - 36110 = -3*d + 4*x. What are the prime factors of d?
3, 7, 17, 19
List the prime factors of -14 + (-26)/((-182)/68943).
5, 7, 281
Suppose -4*b = 254 - 858. Let o = 142 - b. Let u(s) = 2*s**2 + 11*s - 19. What are the prime factors of u(o)?
2, 11
Suppose -21 + 31 = 10*t. List the prime factors of (-140)/((-2 - t)/6).
2, 5, 7
Let v(y) = 5*y**2 + 39*y + 593. What are the prime factors of v(28)?
5, 19, 59
Suppose -71704 + 25424 = -13*d. Let w = -2380 + d. What are the prime factors of w?
2, 5, 59
Suppose 2*u + 4*s = 4712 + 1922, 4*u - 13242 = 5*s. Suppose 0 = -3*l + q + 3*q + 2491, 3*q = -4*l + u. What are the prime factors of l?
829
Suppose 10*v = -15*c + 11*c + 90876, -3*v + 3*c + 27246 = 0. What are the prime factors of v?
2, 7, 11, 59
Let m = 87564 - 56477. What are the prime factors of m?
7, 4441
Let o(m) = m**3 + 6*m**2 + 10*m + 2. Suppose 0 = x + 11*x + 24. Let i be o(x). List the prime factors of (-206)/(-1 - i/(-4)*2).
103
Let w(b) = b**3 - 24*b**2 - 38*b - 59. Let n be 4/(0 + 2) + 5 + 19. List the prime factors of w(n).
5, 61
Suppose 6*t - 5815 + 193 = 0. Let n = 1399 - t. List the prime factors of n.
2, 3, 7, 11
Let z be (-153)/(-102) + 5/(-2). List the prime factors of (z + -1)/(-14) + (-168648)/(-168).
2, 251
Let t(v) = -4*v**3 + 18*v**2 + 99*v - 24. List the prime factors of t(-8).
2, 149
Suppose -x = 2*v + 5, 2*x + 2 = 4*v - 6*v. Suppose -x*h = 3*g - 3090, -3*g = 2*h + g - 2050. What are the prime factors of h?
3, 5, 23
Let y be 8382/21 - 10/70. Suppose -y = -3*k + 504. Suppose 0 = -2*t - u - 4*u + k, t - 5*u = 128. List the prime factors of t.
11, 13
Let j = -43 - -54. Suppose 108 = j*v - 7*v. Suppose 9*q - 135 = -v. What are the prime factors of q?
2, 3
Let t(r) = 12*r**3 + 4*r**2 + 10*r + 2. List the prime factors of t(7).
2, 137
Let x(v) = 88*v - 356. List the prime factors of x(10).
2, 131
Let v(z) = -686*z + 9. Let k be v(-1). Suppose 0 = -r + 3*r - 5*m - k, -3*m = 5*r - 1815. List the prime factors of r.
2, 3, 5
Let l be (52/6)/(435/216 + -2). Suppose l = 11*d - 9694. List the prime factors of d.
2, 7, 67
Suppose -y - 3 + 3 = 0. Suppose y = 4*c + 2*c - 24. Suppose 0 = 3*a - c*w - 238, 3 = -5*w - 2. What are the prime factors of a?
2, 3, 13
Let t(r) = 44*r**2 + 258*r - 26. What are the prime factors of t(-10)?
2, 3, 13, 23
Suppose 0*s + 4 = 2*s. Suppose -299 = -5*z + d - 32, s*z - 100 = -3*d. Suppose 0 = 6*q - 7*q + z. List the prime factors of q.
53
Suppose -w + 15 + 24 = 0. List the prime factors of 9/(-6)*(-13)/(w/558).
3, 31
Let t = 64779 - 35077. List the prime factors of t.
2, 14851
Suppose -837*b + 3*v + 3 = -834*b, b + 15 = 5*v. Let p be -1*-1*(2 + 311). Suppose -2*i + p = b*x, x + 855 = 5*i - x. What are the prime factors of i?
13
Let x be ((-12)/10)/((-8)/20). Let l(t) = -3 - 7 + 10*t**2 + 34*t**3 - 33*t**x + 9*t. What are the prime factors of l(-7)?
2, 37
Suppose 2290 - 58692 = 25*v - 287727. What are the prime factors